{"id":16125,"date":"2021-11-16T11:05:11","date_gmt":"2021-11-16T11:05:11","guid":{"rendered":"https:\/\/fotogasteiz.com\/blog\/?page_id=16125"},"modified":"2021-11-16T11:20:07","modified_gmt":"2021-11-16T11:20:07","slug":"matt-stuart-vida-obra-biografia","status":"publish","type":"page","link":"https:\/\/fotogasteiz.com\/blog\/fotografos\/matt-stuart-vida-obra-biografia\/","title":{"rendered":"Matt Stuart"},"content":{"rendered":"<div data-label=\"intro\" data-id=\"about--1\" data-export-id=\"about-10\" data-category=\"about\" class=\"about-10 content-section content-section-spacing\" id=\"intro\"  style=\"background-color: rgb(255, 255, 255);\"><div class=\"gridContainer\" > <div class=\"row middle-sm text-center\" ><div class=\"col-sm-5 space-bottom-xs content-column\" data-type=\"column\" > <p  class=\"lead\">GRANDES FOT\u00d3GRAFOS Y FOT\u00d3GRAFAS<\/p><h5 class=\"\" ><span style=\"color: rgb(3, 169, 244);\" >Vida &#8211; Obra -Biograf\u00eda<\/span><\/h5> <h2 class=\"\" ><span style=\"font-family: &quot;Playfair Display&quot;, arial, helvetica, sans-serif; color: rgb(0, 0, 0);\" >Matt Stuart<\/span><\/h2> <p class=\"\" ><span style=\"font-family: Muli, arial, helvetica, sans-serif; color: rgb(52, 58, 64);\" ><span style=\"font-weight: 900;\" >Matt Stuart<\/span> (1974) es un fot\u00f3grafo de calle contempor\u00e1neo conocido por su mirada ir\u00f3nica de la vida y su capacidad para extraer los peque\u00f1os detalles de la fugaz sociedad moderna.\n<\/span><br >\n<br ><span style=\"font-family: Muli, arial, helvetica, sans-serif; color: rgb(52, 58, 64);\" >Fue miembro de <a data-mce-href=\"https:\/\/in-public.com\" href=\"https:\/\/in-public.com\" target=\"_blank\" rel=\"noopener\" data-mce-selected=\"inline-boundary\" data-cp-link=\"1\"><span style=\"font-weight: 900;\" >In-Public<\/span><\/a>, uno de los colectivos pioneros del g\u00e9nero.\n<\/span><br >\n<br ><span style=\"font-family: Muli, arial, helvetica, sans-serif; color: rgb(52, 58, 64);\" >Su primer libro &#8216;<a data-mce-href=\"https:\/\/amzn.to\/3orI2aY\" href=\"https:\/\/amzn.to\/3orI2aY\" target=\"_blank\" rel=\"noopener\" data-mce-selected=\"inline-boundary\" data-cp-link=\"1\">All That Life Can Afford<\/a>&#8216; (2016),<\/span><br ><span style=\"font-family: Muli, arial, helvetica, sans-serif; color: rgb(52, 58, 64);\" >\nes uno de los referentes mundiales de la fotograf\u00eda de calle, fruto de haber vivido y trabajado en Londres durante veinte a\u00f1os.&nbsp;\n<\/span><br ><br ><span style=\"font-family: Muli, arial, helvetica, sans-serif; color: rgb(52, 58, 64);\" >\nActualmente vive en los Pa\u00edses Bajos con su compa\u00f1era holandesa, Suzanne, y tiene tres hijos, Osear, Max y Felix.<\/span><\/p> <p  class=\"\"><span style=\"font-weight: 700; font-style: italic; color: rgb(255, 51, 105);\" >\u00daltima actualizaci\u00f3n: noviembre 2021<\/span><\/p><\/div> <div class=\"col-sm-7 flexbox middle-xs center-xs space-bottom-xs\" ><div class=\"overlay-box middle-xs center-xs flexbox\" > <div class=\"overlay-box-offset offset-border shadow-medium border-color1 hide-xs\" ><\/div> <img decoding=\"async\" class=\"shadow-large lazyload\" data-size=\"485x705\" data-src=\"https:\/\/fotogasteiz.com\/blog\/wp-content\/uploads\/2021\/11\/Matt-Stuart-retrato.jpeg\"  title=\"Matt-Stuart retrato\" alt=\"\" src=\"data:image\/svg+xml;base64,PHN2ZyB3aWR0aD0iMSIgaGVpZ2h0PSIxIiB4bWxucz0iaHR0cDovL3d3dy53My5vcmcvMjAwMC9zdmciPjwvc3ZnPg==\" style=\"--smush-placeholder-width: 1000px; --smush-placeholder-aspect-ratio: 1000\/670;\"><\/div> <\/div><\/div> <\/div><\/div>","protected":false},"excerpt":{"rendered":"<p>GRANDES FOT\u00d3GRAFOS Y FOT\u00d3GRAFASVida &#8211; Obra -Biograf\u00eda Matt Stuart Matt Stuart (1974) es un fot\u00f3grafo de calle contempor\u00e1neo conocido por su mirada ir\u00f3nica de la vida y su capacidad para extraer los peque\u00f1os detalles de la fugaz sociedad moderna. Fue miembro de In-Public, uno de los colectivos pioneros del g\u00e9nero. Su primer libro &#8216;All That&hellip; <br \/> <a class=\"read-more\" href=\"https:\/\/fotogasteiz.com\/blog\/fotografos\/matt-stuart-vida-obra-biografia\/\">Read more<\/a><\/p>\n","protected":false},"author":1,"featured_media":0,"parent":1689,"menu_order":0,"comment_status":"closed","ping_status":"closed","template":"pro\/page-templates\/full-width-page.php","meta":{"footnotes":""},"class_list":["post-16125","page","type-page","status-publish","hentry"],"yoast_head":"<!-- This site is optimized with the Yoast SEO Premium plugin v22.5 (Yoast SEO v27.5) - https:\/\/yoast.com\/product\/yoast-seo-premium-wordpress\/ -->\n<title>Matt Stuart - Profesor de fotograf\u00eda<\/title>\n<meta name=\"robots\" content=\"index, follow, max-snippet:-1, max-image-preview:large, max-video-preview:-1\" \/>\n<link rel=\"canonical\" href=\"https:\/\/fotogasteiz.com\/blog\/fotografos\/matt-stuart-vida-obra-biografia\/\" \/>\n<meta property=\"og:locale\" content=\"es_ES\" \/>\n<meta property=\"og:type\" content=\"article\" \/>\n<meta property=\"og:title\" content=\"Matt Stuart\" \/>\n<meta property=\"og:description\" content=\"GRANDES FOT\u00d3GRAFOS Y FOT\u00d3GRAFASVida &#8211; Obra -Biograf\u00eda Matt Stuart Matt Stuart (1974) es un fot\u00f3grafo de calle contempor\u00e1neo conocido por su mirada ir\u00f3nica de la vida y su capacidad para extraer los peque\u00f1os detalles de la fugaz sociedad moderna. Fue miembro de In-Public, uno de los colectivos pioneros del g\u00e9nero. Su primer libro &#8216;All That&hellip; Read more\" \/>\n<meta property=\"og:url\" content=\"https:\/\/fotogasteiz.com\/blog\/fotografos\/matt-stuart-vida-obra-biografia\/\" \/>\n<meta property=\"og:site_name\" content=\"Profesor de fotograf\u00eda\" \/>\n<meta property=\"article:modified_time\" content=\"2021-11-16T11:20:07+00:00\" \/>\n<meta property=\"og:image\" content=\"https:\/\/fotogasteiz.com\/blog\/wp-content\/uploads\/2021\/11\/Matt-Stuart-retrato.jpeg\" \/>\n<meta name=\"twitter:card\" content=\"summary_large_image\" \/>\n<meta name=\"twitter:label1\" content=\"Tiempo de lectura\" \/>\n\t<meta name=\"twitter:data1\" content=\"1 minuto\" \/>\n<script type=\"application\/ld+json\" class=\"yoast-schema-graph\">{\"@context\":\"https:\\\/\\\/schema.org\",\"@graph\":[{\"@type\":\"WebPage\",\"@id\":\"https:\\\/\\\/fotogasteiz.com\\\/blog\\\/fotografos\\\/matt-stuart-vida-obra-biografia\\\/\",\"url\":\"https:\\\/\\\/fotogasteiz.com\\\/blog\\\/fotografos\\\/matt-stuart-vida-obra-biografia\\\/\",\"name\":\"Matt Stuart - Profesor de fotograf\u00eda\",\"isPartOf\":{\"@id\":\"https:\\\/\\\/fotogasteiz.com\\\/blog\\\/#website\"},\"primaryImageOfPage\":{\"@id\":\"https:\\\/\\\/fotogasteiz.com\\\/blog\\\/fotografos\\\/matt-stuart-vida-obra-biografia\\\/#primaryimage\"},\"image\":{\"@id\":\"https:\\\/\\\/fotogasteiz.com\\\/blog\\\/fotografos\\\/matt-stuart-vida-obra-biografia\\\/#primaryimage\"},\"thumbnailUrl\":\"https:\\\/\\\/fotogasteiz.com\\\/blog\\\/wp-content\\\/uploads\\\/2021\\\/11\\\/Matt-Stuart-retrato.jpeg\",\"datePublished\":\"2021-11-16T11:05:11+00:00\",\"dateModified\":\"2021-11-16T11:20:07+00:00\",\"breadcrumb\":{\"@id\":\"https:\\\/\\\/fotogasteiz.com\\\/blog\\\/fotografos\\\/matt-stuart-vida-obra-biografia\\\/#breadcrumb\"},\"inLanguage\":\"es\",\"potentialAction\":[{\"@type\":\"ReadAction\",\"target\":[\"https:\\\/\\\/fotogasteiz.com\\\/blog\\\/fotografos\\\/matt-stuart-vida-obra-biografia\\\/\"]}]},{\"@type\":\"ImageObject\",\"inLanguage\":\"es\",\"@id\":\"https:\\\/\\\/fotogasteiz.com\\\/blog\\\/fotografos\\\/matt-stuart-vida-obra-biografia\\\/#primaryimage\",\"url\":\"https:\\\/\\\/fotogasteiz.com\\\/blog\\\/wp-content\\\/uploads\\\/2021\\\/11\\\/Matt-Stuart-retrato.jpeg\",\"contentUrl\":\"https:\\\/\\\/fotogasteiz.com\\\/blog\\\/wp-content\\\/uploads\\\/2021\\\/11\\\/Matt-Stuart-retrato.jpeg\",\"width\":1000,\"height\":670},{\"@type\":\"BreadcrumbList\",\"@id\":\"https:\\\/\\\/fotogasteiz.com\\\/blog\\\/fotografos\\\/matt-stuart-vida-obra-biografia\\\/#breadcrumb\",\"itemListElement\":[{\"@type\":\"ListItem\",\"position\":1,\"name\":\"Portada\",\"item\":\"https:\\\/\\\/fotogasteiz.com\\\/blog\\\/\"},{\"@type\":\"ListItem\",\"position\":2,\"name\":\"Fot\u00f3grafos y fot\u00f3grafas (biograf\u00edas)\",\"item\":\"https:\\\/\\\/fotogasteiz.com\\\/blog\\\/fotografos\\\/\"},{\"@type\":\"ListItem\",\"position\":3,\"name\":\"Matt Stuart\"}]},{\"@type\":\"WebSite\",\"@id\":\"https:\\\/\\\/fotogasteiz.com\\\/blog\\\/#website\",\"url\":\"https:\\\/\\\/fotogasteiz.com\\\/blog\\\/\",\"name\":\"Profesor de fotograf\u00eda\",\"description\":\"por Gustavo Bravo\",\"potentialAction\":[{\"@type\":\"SearchAction\",\"target\":{\"@type\":\"EntryPoint\",\"urlTemplate\":\"https:\\\/\\\/fotogasteiz.com\\\/blog\\\/?s={search_term_string}\"},\"query-input\":{\"@type\":\"PropertyValueSpecification\",\"valueRequired\":true,\"valueName\":\"search_term_string\"}}],\"inLanguage\":\"es\"}]}<\/script>\n<!-- \/ Yoast SEO Premium plugin. -->","yoast_head_json":{"title":"Matt Stuart - Profesor de fotograf\u00eda","robots":{"index":"index","follow":"follow","max-snippet":"max-snippet:-1","max-image-preview":"max-image-preview:large","max-video-preview":"max-video-preview:-1"},"canonical":"https:\/\/fotogasteiz.com\/blog\/fotografos\/matt-stuart-vida-obra-biografia\/","og_locale":"es_ES","og_type":"article","og_title":"Matt Stuart","og_description":"GRANDES FOT\u00d3GRAFOS Y FOT\u00d3GRAFASVida &#8211; Obra -Biograf\u00eda Matt Stuart Matt Stuart (1974) es un fot\u00f3grafo de calle contempor\u00e1neo conocido por su mirada ir\u00f3nica de la vida y su capacidad para extraer los peque\u00f1os detalles de la fugaz sociedad moderna. Fue miembro de In-Public, uno de los colectivos pioneros del g\u00e9nero. Su primer libro &#8216;All That&hellip; Read more","og_url":"https:\/\/fotogasteiz.com\/blog\/fotografos\/matt-stuart-vida-obra-biografia\/","og_site_name":"Profesor de fotograf\u00eda","article_modified_time":"2021-11-16T11:20:07+00:00","og_image":[{"url":"https:\/\/fotogasteiz.com\/blog\/wp-content\/uploads\/2021\/11\/Matt-Stuart-retrato.jpeg","type":"","width":"","height":""}],"twitter_card":"summary_large_image","twitter_misc":{"Tiempo de lectura":"1 minuto"},"schema":{"@context":"https:\/\/schema.org","@graph":[{"@type":"WebPage","@id":"https:\/\/fotogasteiz.com\/blog\/fotografos\/matt-stuart-vida-obra-biografia\/","url":"https:\/\/fotogasteiz.com\/blog\/fotografos\/matt-stuart-vida-obra-biografia\/","name":"Matt Stuart - Profesor de fotograf\u00eda","isPartOf":{"@id":"https:\/\/fotogasteiz.com\/blog\/#website"},"primaryImageOfPage":{"@id":"https:\/\/fotogasteiz.com\/blog\/fotografos\/matt-stuart-vida-obra-biografia\/#primaryimage"},"image":{"@id":"https:\/\/fotogasteiz.com\/blog\/fotografos\/matt-stuart-vida-obra-biografia\/#primaryimage"},"thumbnailUrl":"https:\/\/fotogasteiz.com\/blog\/wp-content\/uploads\/2021\/11\/Matt-Stuart-retrato.jpeg","datePublished":"2021-11-16T11:05:11+00:00","dateModified":"2021-11-16T11:20:07+00:00","breadcrumb":{"@id":"https:\/\/fotogasteiz.com\/blog\/fotografos\/matt-stuart-vida-obra-biografia\/#breadcrumb"},"inLanguage":"es","potentialAction":[{"@type":"ReadAction","target":["https:\/\/fotogasteiz.com\/blog\/fotografos\/matt-stuart-vida-obra-biografia\/"]}]},{"@type":"ImageObject","inLanguage":"es","@id":"https:\/\/fotogasteiz.com\/blog\/fotografos\/matt-stuart-vida-obra-biografia\/#primaryimage","url":"https:\/\/fotogasteiz.com\/blog\/wp-content\/uploads\/2021\/11\/Matt-Stuart-retrato.jpeg","contentUrl":"https:\/\/fotogasteiz.com\/blog\/wp-content\/uploads\/2021\/11\/Matt-Stuart-retrato.jpeg","width":1000,"height":670},{"@type":"BreadcrumbList","@id":"https:\/\/fotogasteiz.com\/blog\/fotografos\/matt-stuart-vida-obra-biografia\/#breadcrumb","itemListElement":[{"@type":"ListItem","position":1,"name":"Portada","item":"https:\/\/fotogasteiz.com\/blog\/"},{"@type":"ListItem","position":2,"name":"Fot\u00f3grafos y fot\u00f3grafas (biograf\u00edas)","item":"https:\/\/fotogasteiz.com\/blog\/fotografos\/"},{"@type":"ListItem","position":3,"name":"Matt Stuart"}]},{"@type":"WebSite","@id":"https:\/\/fotogasteiz.com\/blog\/#website","url":"https:\/\/fotogasteiz.com\/blog\/","name":"Profesor de fotograf\u00eda","description":"por Gustavo Bravo","potentialAction":[{"@type":"SearchAction","target":{"@type":"EntryPoint","urlTemplate":"https:\/\/fotogasteiz.com\/blog\/?s={search_term_string}"},"query-input":{"@type":"PropertyValueSpecification","valueRequired":true,"valueName":"search_term_string"}}],"inLanguage":"es"}]}},"_links":{"self":[{"href":"https:\/\/fotogasteiz.com\/blog\/wp-json\/wp\/v2\/pages\/16125","targetHints":{"allow":["GET"]}}],"collection":[{"href":"https:\/\/fotogasteiz.com\/blog\/wp-json\/wp\/v2\/pages"}],"about":[{"href":"https:\/\/fotogasteiz.com\/blog\/wp-json\/wp\/v2\/types\/page"}],"author":[{"embeddable":true,"href":"https:\/\/fotogasteiz.com\/blog\/wp-json\/wp\/v2\/users\/1"}],"replies":[{"embeddable":true,"href":"https:\/\/fotogasteiz.com\/blog\/wp-json\/wp\/v2\/comments?post=16125"}],"version-history":[{"count":3,"href":"https:\/\/fotogasteiz.com\/blog\/wp-json\/wp\/v2\/pages\/16125\/revisions"}],"predecessor-version":[{"id":16131,"href":"https:\/\/fotogasteiz.com\/blog\/wp-json\/wp\/v2\/pages\/16125\/revisions\/16131"}],"up":[{"embeddable":true,"href":"https:\/\/fotogasteiz.com\/blog\/wp-json\/wp\/v2\/pages\/1689"}],"wp:attachment":[{"href":"https:\/\/fotogasteiz.com\/blog\/wp-json\/wp\/v2\/media?parent=16125"}],"curies":[{"name":"wp","href":"https:\/\/api.w.org\/{rel}","templated":true}]}}

<div data-label="intro" data-id="about--1" data-export-id="about-10" data-category="about" class="about-10 content-section content-section-spacing" id="intro"  style="background-color: rgb(255, 255, 255);"><div class="gridContainer" > <div class="row middle-sm text-center" ><div class="col-sm-5 space-bottom-xs content-column" data-type="column" > <p  class="lead">GRANDES FOTÓGRAFOS Y FOTÓGRAFAS</p><h5 class="" ><span style="color: rgb(3, 169, 244);" >Vida &#8211; Obra -Biografía</span></h5> <h2 class="" ><span style="font-family: &quot;Playfair Display&quot;, arial, helvetica, sans-serif; color: rgb(0, 0, 0);" >Matt Stuart</span></h2> <p class="" ><span style="font-family: Muli, arial, helvetica, sans-serif; color: rgb(52, 58, 64);" ><span style="font-weight: 900;" >Matt Stuart</span> (1974) es un fotógrafo de calle contemporáneo conocido por su mirada irónica de la vida y su capacidad para extraer los pequeños detalles de la fugaz sociedad moderna.
</span><br >
<br ><span style="font-family: Muli, arial, helvetica, sans-serif; color: rgb(52, 58, 64);" >Fue miembro de <a data-mce-href="https://in-public.com" href="https://in-public.com" target="_blank" rel="noopener" data-mce-selected="inline-boundary" data-cp-link="1"><span style="font-weight: 900;" >In-Public</span></a>, uno de los colectivos pioneros del género.
</span><br >
<br ><span style="font-family: Muli, arial, helvetica, sans-serif; color: rgb(52, 58, 64);" >Su primer libro &#8216;<a data-mce-href="https://amzn.to/3orI2aY" href="https://amzn.to/3orI2aY" target="_blank" rel="noopener" data-mce-selected="inline-boundary" data-cp-link="1">All That Life Can Afford</a>&#8216; (2016),</span><br ><span style="font-family: Muli, arial, helvetica, sans-serif; color: rgb(52, 58, 64);" >
es uno de los referentes mundiales de la fotografía de calle, fruto de haber vivido y trabajado en Londres durante veinte años.&nbsp;
</span><br ><br ><span style="font-family: Muli, arial, helvetica, sans-serif; color: rgb(52, 58, 64);" >
Actualmente vive en los Países Bajos con su compañera holandesa, Suzanne, y tiene tres hijos, Osear, Max y Felix.</span></p> <p  class=""><span style="font-weight: 700; font-style: italic; color: rgb(255, 51, 105);" >Última actualización: noviembre 2021</span></p></div> <div class="col-sm-7 flexbox middle-xs center-xs space-bottom-xs" ><div class="overlay-box middle-xs center-xs flexbox" > <div class="overlay-box-offset offset-border shadow-medium border-color1 hide-xs" ></div> <img decoding="async" class="shadow-large lazyload" data-size="485x705" data-src="https://fotogasteiz.com/blog/wp-content/uploads/2021/11/Matt-Stuart-retrato.jpeg"  title="Matt-Stuart retrato" alt="" src="data:image/svg+xml;base64,PHN2ZyB3aWR0aD0iMSIgaGVpZ2h0PSIxIiB4bWxucz0iaHR0cDovL3d3dy53My5vcmcvMjAwMC9zdmciPjwvc3ZnPg==" style="--smush-placeholder-width: 1000px; --smush-placeholder-aspect-ratio: 1000/670;"></div> </div></div> </div></div>

<p>GRANDES FOTÓGRAFOS Y FOTÓGRAFASVida &#8211; Obra -Biografía Matt Stuart Matt Stuart (1974) es un fotógrafo de calle contemporáneo conocido por su mirada irónica de la vida y su capacidad para extraer los pequeños detalles de la fugaz sociedad moderna. Fue miembro de In-Public, uno de los colectivos pioneros del género. Su primer libro &#8216;All That&hellip; <br /> <a class="read-more" href="https://fotogasteiz.com/blog/fotografos/matt-stuart-vida-obra-biografia/">Read more</a></p>

<!-- This site is optimized with the Yoast SEO Premium plugin v22.5 (Yoast SEO v27.5) - https://yoast.com/product/yoast-seo-premium-wordpress/ -->
<title>Matt Stuart - Profesor de fotografía</title>
<meta name="robots" content="index, follow, max-snippet:-1, max-image-preview:large, max-video-preview:-1" />
<link rel="canonical" href="https://fotogasteiz.com/blog/fotografos/matt-stuart-vida-obra-biografia/" />
<meta property="og:locale" content="es_ES" />
<meta property="og:type" content="article" />
<meta property="og:title" content="Matt Stuart" />
<meta property="og:description" content="GRANDES FOTÓGRAFOS Y FOTÓGRAFASVida &#8211; Obra -Biografía Matt Stuart Matt Stuart (1974) es un fotógrafo de calle contemporáneo conocido por su mirada irónica de la vida y su capacidad para extraer los pequeños detalles de la fugaz sociedad moderna. Fue miembro de In-Public, uno de los colectivos pioneros del género. Su primer libro &#8216;All That&hellip; Read more" />
<meta property="og:url" content="https://fotogasteiz.com/blog/fotografos/matt-stuart-vida-obra-biografia/" />
<meta property="og:site_name" content="Profesor de fotografía" />
<meta property="article:modified_time" content="2021-11-16T11:20:07+00:00" />
<meta property="og:image" content="https://fotogasteiz.com/blog/wp-content/uploads/2021/11/Matt-Stuart-retrato.jpeg" />
<meta name="twitter:card" content="summary_large_image" />
<meta name="twitter:label1" content="Tiempo de lectura" />
	<meta name="twitter:data1" content="1 minuto" />
<script type="application/ld+json" class="yoast-schema-graph">{"@context":"https:\/\/schema.org","@graph":[{"@type":"WebPage","@id":"https:\/\/fotogasteiz.com\/blog\/fotografos\/matt-stuart-vida-obra-biografia\/","url":"https:\/\/fotogasteiz.com\/blog\/fotografos\/matt-stuart-vida-obra-biografia\/","name":"Matt Stuart - Profesor de fotografía","isPartOf":{"@id":"https:\/\/fotogasteiz.com\/blog\/#website"},"primaryImageOfPage":{"@id":"https:\/\/fotogasteiz.com\/blog\/fotografos\/matt-stuart-vida-obra-biografia\/#primaryimage"},"image":{"@id":"https:\/\/fotogasteiz.com\/blog\/fotografos\/matt-stuart-vida-obra-biografia\/#primaryimage"},"thumbnailUrl":"https:\/\/fotogasteiz.com\/blog\/wp-content\/uploads\/2021\/11\/Matt-Stuart-retrato.jpeg","datePublished":"2021-11-16T11:05:11+00:00","dateModified":"2021-11-16T11:20:07+00:00","breadcrumb":{"@id":"https:\/\/fotogasteiz.com\/blog\/fotografos\/matt-stuart-vida-obra-biografia\/#breadcrumb"},"inLanguage":"es","potentialAction":[{"@type":"ReadAction","target":["https:\/\/fotogasteiz.com\/blog\/fotografos\/matt-stuart-vida-obra-biografia\/"]}]},{"@type":"ImageObject","inLanguage":"es","@id":"https:\/\/fotogasteiz.com\/blog\/fotografos\/matt-stuart-vida-obra-biografia\/#primaryimage","url":"https:\/\/fotogasteiz.com\/blog\/wp-content\/uploads\/2021\/11\/Matt-Stuart-retrato.jpeg","contentUrl":"https:\/\/fotogasteiz.com\/blog\/wp-content\/uploads\/2021\/11\/Matt-Stuart-retrato.jpeg","width":1000,"height":670},{"@type":"BreadcrumbList","@id":"https:\/\/fotogasteiz.com\/blog\/fotografos\/matt-stuart-vida-obra-biografia\/#breadcrumb","itemListElement":[{"@type":"ListItem","position":1,"name":"Portada","item":"https:\/\/fotogasteiz.com\/blog\/"},{"@type":"ListItem","position":2,"name":"Fotógrafos y fotógrafas (biografías)","item":"https:\/\/fotogasteiz.com\/blog\/fotografos\/"},{"@type":"ListItem","position":3,"name":"Matt Stuart"}]},{"@type":"WebSite","@id":"https:\/\/fotogasteiz.com\/blog\/#website","url":"https:\/\/fotogasteiz.com\/blog\/","name":"Profesor de fotografía","description":"por Gustavo Bravo","potentialAction":[{"@type":"SearchAction","target":{"@type":"EntryPoint","urlTemplate":"https:\/\/fotogasteiz.com\/blog\/?s={search_term_string}"},"query-input":{"@type":"PropertyValueSpecification","valueRequired":true,"valueName":"search_term_string"}}],"inLanguage":"es"}]}</script>
<!-- / Yoast SEO Premium plugin. -->

Matt Stuart - Profesor de fotografía

GRANDES FOTÓGRAFOS Y FOTÓGRAFASVida &#8211; Obra -Biografía Matt Stuart Matt Stuart (1974) es un fotógrafo de calle contemporáneo conocido por su mirada irónica de la vida y su capacidad para extraer los pequeños detalles de la fugaz sociedad moderna. Fue miembro de In-Public, uno de los colectivos pioneros del género. Su primer libro &#8216;All That&hellip; Read more

Profesor de fotografía

Fotógrafos y fotógrafas (biografías)
