{"id":2436,"date":"2017-05-19T11:14:27","date_gmt":"2017-05-19T11:14:27","guid":{"rendered":"http:\/\/fotogasteiz.com\/blog\/?page_id=2436"},"modified":"2018-12-03T12:52:21","modified_gmt":"2018-12-03T12:52:21","slug":"gustavo-bravo-fotografo","status":"publish","type":"page","link":"https:\/\/fotogasteiz.com\/blog\/gustavo-bravo-fotografo\/","title":{"rendered":"Gustavo Bravo &#8211; Fot\u00f3grafo"},"content":{"rendered":"<p>&nbsp;<\/p>\n<p><a href=\"http:\/\/fotogasteiz.com\/blog\/proyectos\/cabezas-del-villar-gustavo-bravo\/\"><img decoding=\"async\" class=\"size-full wp-image-7884 aligncenter lazyload\" data-src=\"http:\/\/fotogasteiz.com\/blog\/wp-content\/uploads\/2018\/12\/cabezas-216.jpg\" alt=\"\" width=\"900\" height=\"600\" data-srcset=\"https:\/\/fotogasteiz.com\/blog\/wp-content\/uploads\/2018\/12\/cabezas-216.jpg 900w, https:\/\/fotogasteiz.com\/blog\/wp-content\/smush-avif\/2018\/12\/cabezas-216-300x200.jpg.avif 300w, https:\/\/fotogasteiz.com\/blog\/wp-content\/smush-avif\/2018\/12\/cabezas-216-768x512.jpg.avif 768w, https:\/\/fotogasteiz.com\/blog\/wp-content\/smush-avif\/2018\/12\/cabezas-216-508x339.jpg.avif 508w\" data-sizes=\"(max-width: 900px) 100vw, 900px\" src=\"data:image\/svg+xml;base64,PHN2ZyB3aWR0aD0iMSIgaGVpZ2h0PSIxIiB4bWxucz0iaHR0cDovL3d3dy53My5vcmcvMjAwMC9zdmciPjwvc3ZnPg==\" style=\"--smush-placeholder-width: 900px; --smush-placeholder-aspect-ratio: 900\/600;\" \/><\/a><\/p>\n<h3 style=\"text-align: center;\"><a href=\"http:\/\/fotogasteiz.com\/blog\/proyectos\/cabezas-del-villar-gustavo-bravo\/\">\u00a1&#8217;Cabezas del Villar&#8217; ya en preventa!<\/a><\/h3>\n<p><iframe data-src=\"https:\/\/www.kickstarter.com\/projects\/gustavobravo\/photo-book-cabezas-del-villar\/widget\/card.html?v=2\" width=\"220\" height=\"420\" frameborder=\"0\" scrolling=\"no\" src=\"data:image\/svg+xml;base64,PHN2ZyB3aWR0aD0iMSIgaGVpZ2h0PSIxIiB4bWxucz0iaHR0cDovL3d3dy53My5vcmcvMjAwMC9zdmciPjwvc3ZnPg==\" data-load-mode=\"1\"><span data-mce-type=\"bookmark\" style=\"display: inline-block; width: 0px; overflow: hidden; line-height: 0;\" class=\"mce_SELRES_start lazyload\">\ufeff<\/span><\/iframe><\/p>\n<p>&nbsp;<\/p>\n<h1>Bio:<\/h1>\n<p><img decoding=\"async\" class=\"alignleft lazyload\" data-src=\"http:\/\/fotogasteiz.com\/blog\/wp-content\/uploads\/2017\/05\/IMG_2059.jpg\" alt=\"IMG_2059\" width=\"500\" height=\"500\" src=\"data:image\/svg+xml;base64,PHN2ZyB3aWR0aD0iMSIgaGVpZ2h0PSIxIiB4bWxucz0iaHR0cDovL3d3dy53My5vcmcvMjAwMC9zdmciPjwvc3ZnPg==\" style=\"--smush-placeholder-width: 500px; --smush-placeholder-aspect-ratio: 500\/500;\" \/><\/p>\n<p><strong>Gustavo Bravo<\/strong> (n. 1984, Madrid) es periodista, fot\u00f3grafo y profesor de fotograf\u00eda.<\/p>\n<p>Licenciado en Periodismo en 2007 por la Universidad CEU San Pablo de Madrid, cursa varios a\u00f1os de fotograf\u00eda en laboratorio con\u00a0<b>David Monreal <\/b>y\u00a0<b>Miguel \u00c1ngel de Santiago<\/b>, en los que descubre la\u00a0fotograf\u00eda anal\u00f3gica, el revelado qu\u00edmico, la impresi\u00f3n y la\u00a0ampliaci\u00f3n, as\u00ed como la edici\u00f3n digital y la iluminaci\u00f3n de estudio.<\/p>\n<p>En 2006 consigue\u00a0la beca Erasmus y cursa su \u00faltimo a\u00f1o de carrera en la facultad de \u2018Journalism, Media &amp; Communication\u2019 de\u00a0la Griffith College University en Dubl\u00edn (Irlanda), donde complementa sus estudios en <em>periodismo de investigaci\u00f3n<\/em>, <em>dise\u00f1o web<\/em> y <em>social media management.<\/em><\/p>\n<p>Ejerce como periodista y fot\u00f3grafo de prensa, reportaje social y viajes en medios como <strong>Yo Dona<\/strong> (archivo fotogr\u00e1fico, en 2005), <strong>ADN.es<\/strong> (reportaje social, en\u00a02007-2008) o <strong>El Confidencial<\/strong> (fotograf\u00eda, tecnolog\u00eda, redes sociales y reportaje, en 2008-2011).<\/p>\n<p>En enero de 2011\u00a0funda el primer diario digital hiperlocal dirigido a los madrile\u00f1os de Retiro y Salamanca,<strong> \u2018<a style=\"color: #808080;\" href=\"http:\/\/zonaretiro.com\/\">ZonaRetiro<\/a><a style=\"color: #808080;\" href=\"http:\/\/zonaretiro.com\/\">.com<\/a>\u2018<\/strong> el cual ha crecido hasta los 100.000 usuarios \u00fanicos al mes\u00a0en la actualidad.<\/p>\n<p>Desde octubre de 2012\u00a0reside en Vitoria-Gasteiz, donde dirige la escuela de fotograf\u00eda <a style=\"color: #808080;\" href=\"http:\/\/fotogasteiz.com\/\">FotoGasteiz<\/a> como profesor.<\/p>\n<p>En solo cuatro a\u00f1os <strong><a style=\"color: #808080;\" href=\"http:\/\/fotogasteiz.com\/\">FotoGasteiz<\/a><\/strong> es una de las escuelas de formaci\u00f3n no reglada en Fotograf\u00eda\u00a0m\u00e1s importante del pa\u00eds con m\u00e1s de cuatrocientos alumnos formados en fotograf\u00eda, macro, paisajes, retrato, iluminaci\u00f3n, urbana y revelado\u00a0digital.<\/p>\n<p>Desde FotoGasteiz ha dirigido el <strong>proyecto &#8216;<a href=\"http:\/\/www.vitorianos.com\/\">Vitorianos<\/a>&#8216;<\/strong>, el primer libro colectivo de Fotograf\u00eda Urbana de la capital vasca, que se ha financiado mediante una campa\u00f1a de micromecenazgo en<strong> <a href=\"https:\/\/www.kickstarter.com\/projects\/gustavobravo\/vitorianos-street-photography-collective-book\/\">Kickstarter<\/a><\/strong>, y con la que se recaudaron m\u00e1s de 14.000\u20ac en solo un mes.<\/p>\n<p>Actualmente, es el impulsor del primer <a href=\"http:\/\/fotokalea.com\/\">Simposio Nacional de Fotograf\u00eda Urbana <strong>&#8216;FotoKalea&#8217;<\/strong><\/a>, que tendr\u00e1 lugar el fin de semana del 2 y 3 de junio de 2018 en el Palacio de Congresos Europa de Vitoria-Gasteiz.<\/p>\n<h1>Redes:<\/h1>\n<p><a href=\"https:\/\/www.facebook.com\/gustavobravofoto\/\">\u00b7 S\u00edgueme en Facebook<\/a><\/p>\n<p><a href=\"https:\/\/www.instagram.com\/gustavobravoinstant\/\">\u00b7 S\u00edgueme en Instagram<\/a><\/p>\n","protected":false},"excerpt":{"rendered":"<p>&nbsp; \u00a1&#8217;Cabezas del Villar&#8217; ya en preventa! \ufeff &nbsp; Bio: Gustavo Bravo (n. 1984, Madrid) es periodista, fot\u00f3grafo y profesor de fotograf\u00eda. Licenciado en Periodismo en 2007 por la Universidad CEU San Pablo de Madrid, cursa varios a\u00f1os de fotograf\u00eda en laboratorio con\u00a0David Monreal y\u00a0Miguel \u00c1ngel de Santiago, en los que descubre la\u00a0fotograf\u00eda anal\u00f3gica, el&hellip; <br \/> <a class=\"read-more\" href=\"https:\/\/fotogasteiz.com\/blog\/gustavo-bravo-fotografo\/\">Read more<\/a><\/p>\n","protected":false},"author":1,"featured_media":0,"parent":0,"menu_order":0,"comment_status":"closed","ping_status":"closed","template":"","meta":{"footnotes":""},"class_list":["post-2436","page","type-page","status-publish","hentry"],"yoast_head":"<!-- This site is optimized with the Yoast SEO Premium plugin v22.5 (Yoast SEO v27.3) - https:\/\/yoast.com\/product\/yoast-seo-premium-wordpress\/ -->\n<title>Gustavo Bravo - Fot\u00f3grafo - Profesor de fotograf\u00eda<\/title>\n<meta name=\"robots\" content=\"index, follow, max-snippet:-1, max-image-preview:large, max-video-preview:-1\" \/>\n<link rel=\"canonical\" href=\"https:\/\/fotogasteiz.com\/blog\/gustavo-bravo-fotografo\/\" \/>\n<meta property=\"og:locale\" content=\"es_ES\" \/>\n<meta property=\"og:type\" content=\"article\" \/>\n<meta property=\"og:title\" content=\"Gustavo Bravo - Fot\u00f3grafo\" \/>\n<meta property=\"og:description\" content=\"&nbsp; \u00a1&#8217;Cabezas del Villar&#8217; ya en preventa! \ufeff &nbsp; Bio: Gustavo Bravo (n. 1984, Madrid) es periodista, fot\u00f3grafo y profesor de fotograf\u00eda. Licenciado en Periodismo en 2007 por la Universidad CEU San Pablo de Madrid, cursa varios a\u00f1os de fotograf\u00eda en laboratorio con\u00a0David Monreal y\u00a0Miguel \u00c1ngel de Santiago, en los que descubre la\u00a0fotograf\u00eda anal\u00f3gica, el&hellip; Read more\" \/>\n<meta property=\"og:url\" content=\"https:\/\/fotogasteiz.com\/blog\/gustavo-bravo-fotografo\/\" \/>\n<meta property=\"og:site_name\" content=\"Profesor de fotograf\u00eda\" \/>\n<meta property=\"article:modified_time\" content=\"2018-12-03T12:52:21+00:00\" \/>\n<meta property=\"og:image\" content=\"http:\/\/fotogasteiz.com\/blog\/wp-content\/uploads\/2018\/12\/cabezas-216.jpg\" \/>\n<meta name=\"twitter:card\" content=\"summary_large_image\" \/>\n<meta name=\"twitter:label1\" content=\"Tiempo de lectura\" \/>\n\t<meta name=\"twitter:data1\" content=\"2 minutos\" \/>\n<script type=\"application\/ld+json\" class=\"yoast-schema-graph\">{\"@context\":\"https:\\\/\\\/schema.org\",\"@graph\":[{\"@type\":\"WebPage\",\"@id\":\"https:\\\/\\\/fotogasteiz.com\\\/blog\\\/gustavo-bravo-fotografo\\\/\",\"url\":\"https:\\\/\\\/fotogasteiz.com\\\/blog\\\/gustavo-bravo-fotografo\\\/\",\"name\":\"Gustavo Bravo - Fot\u00f3grafo - Profesor de fotograf\u00eda\",\"isPartOf\":{\"@id\":\"https:\\\/\\\/fotogasteiz.com\\\/blog\\\/#website\"},\"primaryImageOfPage\":{\"@id\":\"https:\\\/\\\/fotogasteiz.com\\\/blog\\\/gustavo-bravo-fotografo\\\/#primaryimage\"},\"image\":{\"@id\":\"https:\\\/\\\/fotogasteiz.com\\\/blog\\\/gustavo-bravo-fotografo\\\/#primaryimage\"},\"thumbnailUrl\":\"http:\\\/\\\/fotogasteiz.com\\\/blog\\\/wp-content\\\/uploads\\\/2018\\\/12\\\/cabezas-216.jpg\",\"datePublished\":\"2017-05-19T11:14:27+00:00\",\"dateModified\":\"2018-12-03T12:52:21+00:00\",\"breadcrumb\":{\"@id\":\"https:\\\/\\\/fotogasteiz.com\\\/blog\\\/gustavo-bravo-fotografo\\\/#breadcrumb\"},\"inLanguage\":\"es\",\"potentialAction\":[{\"@type\":\"ReadAction\",\"target\":[\"https:\\\/\\\/fotogasteiz.com\\\/blog\\\/gustavo-bravo-fotografo\\\/\"]}]},{\"@type\":\"ImageObject\",\"inLanguage\":\"es\",\"@id\":\"https:\\\/\\\/fotogasteiz.com\\\/blog\\\/gustavo-bravo-fotografo\\\/#primaryimage\",\"url\":\"http:\\\/\\\/fotogasteiz.com\\\/blog\\\/wp-content\\\/uploads\\\/2018\\\/12\\\/cabezas-216.jpg\",\"contentUrl\":\"http:\\\/\\\/fotogasteiz.com\\\/blog\\\/wp-content\\\/uploads\\\/2018\\\/12\\\/cabezas-216.jpg\"},{\"@type\":\"BreadcrumbList\",\"@id\":\"https:\\\/\\\/fotogasteiz.com\\\/blog\\\/gustavo-bravo-fotografo\\\/#breadcrumb\",\"itemListElement\":[{\"@type\":\"ListItem\",\"position\":1,\"name\":\"Portada\",\"item\":\"https:\\\/\\\/fotogasteiz.com\\\/blog\\\/\"},{\"@type\":\"ListItem\",\"position\":2,\"name\":\"Gustavo Bravo &#8211; Fot\u00f3grafo\"}]},{\"@type\":\"WebSite\",\"@id\":\"https:\\\/\\\/fotogasteiz.com\\\/blog\\\/#website\",\"url\":\"https:\\\/\\\/fotogasteiz.com\\\/blog\\\/\",\"name\":\"Profesor de fotograf\u00eda\",\"description\":\"por Gustavo Bravo\",\"potentialAction\":[{\"@type\":\"SearchAction\",\"target\":{\"@type\":\"EntryPoint\",\"urlTemplate\":\"https:\\\/\\\/fotogasteiz.com\\\/blog\\\/?s={search_term_string}\"},\"query-input\":{\"@type\":\"PropertyValueSpecification\",\"valueRequired\":true,\"valueName\":\"search_term_string\"}}],\"inLanguage\":\"es\"}]}<\/script>\n<!-- \/ Yoast SEO Premium plugin. -->","yoast_head_json":{"title":"Gustavo Bravo - Fot\u00f3grafo - Profesor de fotograf\u00eda","robots":{"index":"index","follow":"follow","max-snippet":"max-snippet:-1","max-image-preview":"max-image-preview:large","max-video-preview":"max-video-preview:-1"},"canonical":"https:\/\/fotogasteiz.com\/blog\/gustavo-bravo-fotografo\/","og_locale":"es_ES","og_type":"article","og_title":"Gustavo Bravo - Fot\u00f3grafo","og_description":"&nbsp; \u00a1&#8217;Cabezas del Villar&#8217; ya en preventa! \ufeff &nbsp; Bio: Gustavo Bravo (n. 1984, Madrid) es periodista, fot\u00f3grafo y profesor de fotograf\u00eda. Licenciado en Periodismo en 2007 por la Universidad CEU San Pablo de Madrid, cursa varios a\u00f1os de fotograf\u00eda en laboratorio con\u00a0David Monreal y\u00a0Miguel \u00c1ngel de Santiago, en los que descubre la\u00a0fotograf\u00eda anal\u00f3gica, el&hellip; Read more","og_url":"https:\/\/fotogasteiz.com\/blog\/gustavo-bravo-fotografo\/","og_site_name":"Profesor de fotograf\u00eda","article_modified_time":"2018-12-03T12:52:21+00:00","og_image":[{"url":"http:\/\/fotogasteiz.com\/blog\/wp-content\/uploads\/2018\/12\/cabezas-216.jpg","type":"","width":"","height":""}],"twitter_card":"summary_large_image","twitter_misc":{"Tiempo de lectura":"2 minutos"},"schema":{"@context":"https:\/\/schema.org","@graph":[{"@type":"WebPage","@id":"https:\/\/fotogasteiz.com\/blog\/gustavo-bravo-fotografo\/","url":"https:\/\/fotogasteiz.com\/blog\/gustavo-bravo-fotografo\/","name":"Gustavo Bravo - Fot\u00f3grafo - Profesor de fotograf\u00eda","isPartOf":{"@id":"https:\/\/fotogasteiz.com\/blog\/#website"},"primaryImageOfPage":{"@id":"https:\/\/fotogasteiz.com\/blog\/gustavo-bravo-fotografo\/#primaryimage"},"image":{"@id":"https:\/\/fotogasteiz.com\/blog\/gustavo-bravo-fotografo\/#primaryimage"},"thumbnailUrl":"http:\/\/fotogasteiz.com\/blog\/wp-content\/uploads\/2018\/12\/cabezas-216.jpg","datePublished":"2017-05-19T11:14:27+00:00","dateModified":"2018-12-03T12:52:21+00:00","breadcrumb":{"@id":"https:\/\/fotogasteiz.com\/blog\/gustavo-bravo-fotografo\/#breadcrumb"},"inLanguage":"es","potentialAction":[{"@type":"ReadAction","target":["https:\/\/fotogasteiz.com\/blog\/gustavo-bravo-fotografo\/"]}]},{"@type":"ImageObject","inLanguage":"es","@id":"https:\/\/fotogasteiz.com\/blog\/gustavo-bravo-fotografo\/#primaryimage","url":"http:\/\/fotogasteiz.com\/blog\/wp-content\/uploads\/2018\/12\/cabezas-216.jpg","contentUrl":"http:\/\/fotogasteiz.com\/blog\/wp-content\/uploads\/2018\/12\/cabezas-216.jpg"},{"@type":"BreadcrumbList","@id":"https:\/\/fotogasteiz.com\/blog\/gustavo-bravo-fotografo\/#breadcrumb","itemListElement":[{"@type":"ListItem","position":1,"name":"Portada","item":"https:\/\/fotogasteiz.com\/blog\/"},{"@type":"ListItem","position":2,"name":"Gustavo Bravo &#8211; Fot\u00f3grafo"}]},{"@type":"WebSite","@id":"https:\/\/fotogasteiz.com\/blog\/#website","url":"https:\/\/fotogasteiz.com\/blog\/","name":"Profesor de fotograf\u00eda","description":"por Gustavo Bravo","potentialAction":[{"@type":"SearchAction","target":{"@type":"EntryPoint","urlTemplate":"https:\/\/fotogasteiz.com\/blog\/?s={search_term_string}"},"query-input":{"@type":"PropertyValueSpecification","valueRequired":true,"valueName":"search_term_string"}}],"inLanguage":"es"}]}},"_links":{"self":[{"href":"https:\/\/fotogasteiz.com\/blog\/wp-json\/wp\/v2\/pages\/2436","targetHints":{"allow":["GET"]}}],"collection":[{"href":"https:\/\/fotogasteiz.com\/blog\/wp-json\/wp\/v2\/pages"}],"about":[{"href":"https:\/\/fotogasteiz.com\/blog\/wp-json\/wp\/v2\/types\/page"}],"author":[{"embeddable":true,"href":"https:\/\/fotogasteiz.com\/blog\/wp-json\/wp\/v2\/users\/1"}],"replies":[{"embeddable":true,"href":"https:\/\/fotogasteiz.com\/blog\/wp-json\/wp\/v2\/comments?post=2436"}],"version-history":[{"count":42,"href":"https:\/\/fotogasteiz.com\/blog\/wp-json\/wp\/v2\/pages\/2436\/revisions"}],"predecessor-version":[{"id":7894,"href":"https:\/\/fotogasteiz.com\/blog\/wp-json\/wp\/v2\/pages\/2436\/revisions\/7894"}],"wp:attachment":[{"href":"https:\/\/fotogasteiz.com\/blog\/wp-json\/wp\/v2\/media?parent=2436"}],"curies":[{"name":"wp","href":"https:\/\/api.w.org\/{rel}","templated":true}]}}